t d(z) = 4*z**3 + z**2 + 3*z + 7. Let l(f) = -7*f**3 - 3*f**2 - 3*f - 14. Let w = 129 + -124. Let c(h) = w*d(h) + 3*l(h). Let t = -12 - -7. Calculate c(t).
-12
Let n = 3152 + -3154. Let s(t) = 10*t + 10. Determine s(n).
-10
Let v(p) = -13 - 26*p + 62*p - 20*p - 16*p - p**2. Give v(8).
-77
Let c(d) = 2*d + 4. Let i(h) = -2*h**2 + 15*h - 25. Let y be i(5). Suppose 16 = 4*f - y. What is c(f)?
12
Let f(r) be the third derivative of r**5/60 - r**4/8 - r**3 - 255*r**2 + 2*r. Let p(b) be the first derivative of f(b). What is p(-4)?
-11
Let g(r) = r**2 - 4*r + 7. Let w(u) = u**2 - 21*u + 110. Let t be w(16). Suppose 5*j = -h + t, -4*h + 2*j + 5 = -5. What is g(h)?
12
Suppose 2*s = 13*k - 14*k - 25, 0 = -2*s + 4*k - 20. Let t(f) = 51*f + 614. Let i be t(s). Let v(j) = -2 + 3*j - 4*j + j**2 + 1. Calculate v(i).
1
Let t(q) be the first derivative of -q**6/360 + q**5/24 + q**4/24 - 2*q**3/3 + 8*q**2 - 20. Let a(k) be the third derivative of t(k). What is a(6)?
-5
Let w(k) = 2*k**2 + 2*k - 1. Let b(r) be the second derivative of -r**5/20 - 2*r**4/3 + 10*r**3/3 - 2*r**2 + 151*r. Let q be b(-10). Calculate w(q).
23
Let r(x) = 83*x + 20. Let p(m) = 32*m + 7. Let l(u) = -8*p(u) + 3*r(u). What is l(-6)?
46
Let p(d) = -29*d - 129. Let n(t) = -14*t - 59. Let s(z) = 7*n(z) - 3*p(z). Let j(c) = 2*c + 9 - 3*c + 5*c. Let w(g) = -8*j(g) - 3*s(g). Determine w(-5).
1
Let v(b) = -33*b**2 - 2*b - 1. Let i be (23/(-414))/((-11)/198). Give v(i).
-36
Let s be 3/(42/4) - 280/(-49). Let h(t) = -7*t**3 + 5*t**2 + 11*t + 7. Let y(x) = -3*x**3 + 3*x**2 + 5*x + 4. Let c(m) = -2*h(m) + 5*y(m). Give c(s).
-12
Let x(m) be the first derivative of -284 + 1/2*m**2 - 9*m. Let i(j) = j**2 + j - 2. Let c be i(-3). Determine x(c).
-5
Let k(m) = -m**3 - 9*m**2 - 16*m - 3. Let t = -5212 - -5205. Calculate k(t).
11
Let q be ((-7)/(-35)*0)/(-2). Suppose q = -8*x - 7 - 9. Let a(k) = 12*k - 2. Give a(x).
-26
Let j(y) = -6*y - 128. Let w be j(-23). Suppose -u - 23 = 2*s + 2*s, 5*u + w = s. Let b(d) = -3*d**2 - 9*d + 12. Determine b(s).
-18
Suppose 5*n + 5*h = 2*n + 20, 5*n + h - 48 = 0. Let z be 26/n + (-14)/(-35). Let q(t) = 362 + 5*t**3 + 377 - 2*t**2 - 4*t**3 - 737 - 2*t. Give q(z).
5
Suppose 0 = 5*d + o + 4*o - 15, 15 = -5*d + o. Let s(a) = 3*a**3 - a**2 - 3*a. Let u(r) = 16*r**3 - 7*r**2 - 16*r. Let b(w) = d*u(w) + 11*s(w). Calculate b(-3).
3
Let c(l) = -4*l**2 - 2. Let g be c(1). Let i(b) be the first derivative of b**3/3 + 5*b**2 + 7*b + 198. Determine i(g).
-17
Let s be (18/2)/(19 + -20). Let u(f) = -f**3 - 6*f**2 - 6*f - 8. Let r(d) = d**2 - d. Let n(k) = 3*r(k) - u(k). Calculate n(s).
-19
Suppose 2*v + q - 152 + 158 = 0, 24 = -3*v - 4*q. Let x(k) = -k**2 + 3*k - 27. What is x(v)?
-27
Let s be (-2 + -52)*(-1 - 3/(-6)). Let y be s/36*(3 + 1). Suppose y*v + 8 = -10. Let p(o) = -o**3 - 6*o**2 + 7. What is p(v)?
7
Let z(t) be the second derivative of -t**6/240 + 3*t**5/40 + 31*t**4/6 - 4*t + 5. Let a(g) be the third derivative of z(g). What is a(7)?
-12
Let j(w) be the second derivative of w**5/60 - 37*w**3/2 - 9*w - 4. Let f(r) be the second derivative of j(r). Let i = 5 - 2. Determine f(i).
6
Let l(a) = -17*a + 1. Let v be 1/((-84)/(-9) + -9). Give l(v).
-50
Let y(t) = t**3 + 20*t**2 - 29*t + 331. Suppose 0 = -182*l - 1433 - 2571. Determine y(l).
1
Let l(j) = j**3 - 2*j**2 + j. Let f(i) = 19*i - 6. Let x be f(2). Suppose 2*d = 6*d - x. Let h be d - 10 - 6/(-2). What is l(h)?
0
Let w(s) be the third derivative of -s**6/120 - s**5/12 + 11*s**4/24 + 9*s**3/2 - 3948*s**2. Determine w(-2).
-7
Let o(d) be the first derivative of -d**3/3 + d**2 + 3*d + 369. Suppose 0 = -3*u + 6 + 6. What is o(u)?
-5
Let v = -90 + 98. Let m be 8/(-32) - (-18)/v. Let a(k) = -4*k + 2 - k**2 + 0*k**m - 3*k**3 + 3*k**2 + 4*k**3. Give a(2).
10
Let s(t) be the second derivative of t**3/6 - 2*t**2 - t. Let b = -40161 - -40169. Give s(b).
4
Suppose w + w = -h + 6, 3*h - 5*w = -4. Let d(y) = -4*y**h + 2175 + 3*y**2 - 2178 + 3*y. Suppose -2*u - 4*v - 6 = -16, 0 = -u + 3*v. Calculate d(u).
-3
Let c be (-5 - (-305)/55)/((-26)/286). Let u(r) = 26*r + 47. Calculate u(c).
-109
Let d(p) = 10*p**3 + p**2 - 2*p + 1. Suppose -102 = -9*y - 25*y. Suppose 0 = f - y*f - 4*g + 22, 0 = f - g + 4. What is d(f)?
10
Let h(c) = 3*c**2 + 19*c + 2. Suppose 0 = -5*n + 28 - 33. Let v(a) = -2*a**2 + a + 2. Let o(j) = n*h(j) - 2*v(j). Determine o(21).
-6
Let a be 0 + -1 - (3 - -1). Let u = -104 - -109. Let g(r) = -u - 1297*r + 1296*r - 3. Give g(a).
-3
Let n(r) = -8*r - 15. Let c be -8 + (4/(-10))/(18/(-45)). Let k(f) = 7*f + 14. Let o(u) = c*k(u) - 6*n(u). Give o(0).
-8
Let b(o) be the third derivative of 130*o**2 + 5/3*o**3 - 1/60*o**5 - 1/4*o**4 + 0 + 0*o. Calculate b(-7).
3
Let i(u) be the third derivative of u**6/120 + 7*u**5/60 - u**4/24 - 2*u**3/3 - u**2 + 1445. Let d(x) = x**2 - 5*x - 1. Let p be d(3). Give i(p).
3
Let w(z) = 249*z + 263. Let q be w(-1). Let d(i) be the first derivative of q + 1/3*i**3 - 7/2*i**2 + 3*i. Give d(3).
-9
Let y(h) = -2*h - 4. Let d(m) = -m**3 - m + 22. Let f be d(0). Suppose 56*p + 975 = 17*p. Let v = p + f. Calculate y(v).
2
Let s(n) = -19*n**2 - n + 6. Let y be (15 + (-410)/30)/(((-24)/(-9))/(-4)). Calculate s(y).
-68
Let d be (-20)/((-11)/(330/(-25))). Let s(g) = -g**3 - 24*g**2 - 11. Calculate s(d).
-11
Let c(r) be the first derivative of r**2 + 2*r + 7. Suppose -3*x + 3*h + 33 = 0, -2*x + 3*h - 11 + 38 = 0. Give c(x).
14
Let f(i) = -5*i**2 - 10134 - 20*i + 25*i + 10137. Calculate f(3).
-27
Let y(q) = q**2 - 10*q + 3. Let r = -18 - 26. Suppose -3*m + 0*i = 5*i - 133, -m - 2*i + 43 = 0. Let a = m + r. Calculate y(a).
-18
Suppose -5*g + 12 - 2 = 0. Let a(r) = 21*r**2 - 7*r - 14*r**2 - 2 - 6*r**g. Let k be (-4)/((77/(-14))/11). Determine a(k).
6
Suppose -8*p = -4*p + 56. Let w be p/3*27/(-18). Let n(i) = 0*i + 5 - 4*i + 8*i - i**2. What is n(w)?
-16
Let i(z) be the third derivative of 17*z**4/24 + 19*z**3/6 - 162*z**2. Let y(h) = 14*h + 18. Let t(o) = 5*i(o) - 6*y(o). What is t(9)?
-4
Let f be (-2)/(-4) - 27/6. Let o(w) be the first derivative of w**5/60 + w**4/24 - 92*w**3/3 - 2*w - 48. Let c(y) be the third derivative of o(y). Give c(f).
-7
Let s(l) be the second derivative of -2*l**4/3 - l**3/6 - 47*l**2/2 - 129*l. Let k(m) be the first derivative of s(m). Determine k(2).
-33
Let a = 2456 - 2449. Let q(g) = 2*g**3 + 9*g**2 - 8*g - 2. Let t(b) = 3*b**3 + 9*b**2 - 8*b - 2. Let w(x) = 4*q(x) - 3*t(x). Give w(a).
40
Suppose -7*h - 3*q - 5 = -6*h, -5*q + 25 = -5*h. Let y(c) be the third derivative of c**5/60 + 7*c**4/24 - c**3 + 180*c**2. What is y(h)?
-16
Let b(m) = -m**3 + 12*m**2 + 35*m - 93. Let k(i) = -2*i**2 + 104*i + 462. Let l be k(56). Determine b(l).
5
Let s(h) = -h**2 - 11*h - 13. Let z = 3035 + -3041. Calculate s(z).
17
Suppose 3*r - 20 + 8 = 0. Suppose -3*n + i - r*i = -129, -5*n - 4*i = -217. Let b(p) = n + 43 - 88 - 8*p. What is b(-1)?
8
Let s(j) be the first derivative of 15*j**2/2 - j - 9. Suppose 94*a + 4 = 98*a. What is s(a)?
14
Let u(d) = -d**3 + 162 - 8*d - 12*d + 171 - 24*d**2 - 285. Give u(-23).
-21
Let r be 11*75/1320 - (-9)/24. Let w(b) = 20*b - 4. Calculate w(r).
16
Let m be 5 + 10/4*30/25. Let u(h) = h - 15 + 4 + 3*h - h**2 + m + h. Give u(3).
3
Let u(b) = b**2 - b - 26. Let j be u(-5). Let r(o) be the second derivative of -o**5/20 + 5*o**4/12 - o**3 + 3*o**2 - 18*o - 2. Calculate r(j).
-2
Let o(w) be the first derivative of 9*w + 237 - 1/2*w**2. Give o(8).
1
Let b(y) = 14*y - 6. Let x(i) = -3*i. Let h(k) = b(k) + 5*x(k). Let p(g) be the third derivative of g**4/8 + g**3/2 + 3*g**2. Let c be p(-4). What is h(c)?
3
Let o be -11 + 7 - 8 - 28/7. Let m(u) = u**3 + 15*u**2 - 23*u - 40. What is m(o)?
72
Let i(c) = -4*c**2 - 41*c - 17. Let b = 1362 - 1372. Give i(b).
-7
Let y(v) = -6*v**2 - 840 + 420 - 32*v + 414 - 13*v + 7*v. Determine y(-6).
6
Suppose 0 = -3*b + i + 9, 8*b + 0 = 4*i + 32. Let f(o) = -22*o + 9. Calculate f(b).
-13
Let t(x) = -1330*x - 2. Let k(r) = -110*r - 2. Let l(w) = 12*k(w) - t(w). Determine l(1).
-12
Let r(y) = -y**3 - 11*y**2 - 21*y - 2. Suppose s - 4*j + 25 = 0, 4*s + j - 768 = -800. Calculate r(s).
25
Let d(f) = 15*f - 52. Let s = 27882 - 27872. What is d(s)?
98
Let v(n) be the second derivative of 6*n**2 + 2 - 46*n - 1/6*n**3. What is v(6)?
6
Let s(f) = -2*f - 4